et j(u) = -21*u**3 + 6*u + 3. Let x(r) = 7*r**3 - 2*r - 1. Let n(g) = -4*j(g) - 11*x(g). What is n(-1)?
-6
Suppose -6*s + 3*s + 6 = -4*c, -3*c - 4*s = -8. Let q(v) = v**3 - v**2 - 10. Give q(c).
-10
Let i = 5 + -3. Let y(d) = 10*d - 9. Let m(w) = 2*w - 2. Let q(n) = i*y(n) - 11*m(n). Calculate q(3).
-2
Let n(x) = x - 12. Let j be n(12). Let z(u) = u + 10. Determine z(j).
10
Let s(n) be the second derivative of -n**8/6720 + n**7/420 - 7*n**6/720 + n**5/24 - n**4/6 - 3*n. Let i(x) be the third derivative of s(x). Calculate i(4).
9
Let o(m) = m**3 - 6*m**2 - 7*m + 1. Let l be o(7). Let g(c) = 0*c + l + c - 1 + 1. Give g(-1).
0
Let o(t) be the second derivative of t**6/120 + t**4/6 - 2*t. Let k(q) be the third derivative of o(q). Let g be 1 + (-2 - 1) + (4 - 4). Give k(g).
-12
Let c(h) be the second derivative of h**5/20 + h**4/3 - h**3/2 + h**2 - 3*h. Let d = 11 - 6. Suppose d*o - 2 = 8, 5*q = 5*o - 35. Calculate c(q).
-8
Let p(u) = -u**3 - 2*u**2 + 4*u + 2. Let j be (-1 - (-84)/(-35)) + 2/5. Calculate p(j).
-1
Let x be 4 + 2 + -3 + 0. Let s(l) = -l**2 + 2*l + 2. Calculate s(x).
-1
Let y(c) = -c - 2. Let f be y(8). Let w = f + 6. Let j(m) = 2. Let u(x) = -x + 1. Let i(z) = -j(z) + 2*u(z). Determine i(w).
8
Let w(u) = -6*u**2 + 13*u + 1. Let r(q) = -5*q**2 + 12*q + 1. Let g(p) = -5*r(p) + 4*w(p). What is g(7)?
-8
Let x(j) be the third derivative of j**6/360 + j**5/120 - 5*j**4/24 + j**3/3 - 3*j**2. Let c(g) be the first derivative of x(g). Determine c(-4).
7
Let q = -17 + 10. Let s(c) = -c**2 - 5*c + 10. Give s(q).
-4
Let z(m) = -1 + 2*m**3 - 109*m + 4*m**2 + 108*m + m**2 - 4*m**2. Determine z(-1).
-1
Suppose -3*l - 33 + 48 = 0. Let a(c) be the third derivative of c**6/120 - c**5/15 - 5*c**4/24 - c**3 + c**2. Give a(l).
-6
Let q(u) = -u**2 - u + 5 - 1 - 4. Determine q(-4).
-12
Let y(q) = -q**3 + 3*q**2 + 2. Suppose -4*a + a + 12 = 0. Let i(f) = 2*f - 6. Let g be i(a). What is y(g)?
6
Suppose 4 = -7*g + 4*g - 5*d, 0 = -g - d. Let q(a) = -5*a - 5. Let o be q(-2). Suppose 22 = -o*l + 3*u + u, 0 = -u - g. Let c(r) = -r - 9. Give c(l).
-3
Let l(z) = z**2 + 2*z - 2. Let d be l(0). Let x(h) = -1. Let w(u) = -u**2 + u - 1. Let p(r) = d*w(r) + 3*x(r). Determine p(-2).
11
Suppose 4*q - 6*q = 0. Let h(f) = -2 - 7 + f**3 - 2*f**3. What is h(q)?
-9
Let h(m) = m**3 - m**2 - 2*m. Let w(g) = 3*g - 7. Let q be w(3). Determine h(q).
0
Let f(p) = -7*p**2 - 14*p + 9. Let m(l) = -11*l**2 - 21*l + 14. Let z(k) = 8*f(k) - 5*m(k). Give z(-6).
8
Let t(n) be the first derivative of n + 3 + 3/2*n**2. Let p = -4 - -6. What is t(p)?
7
Let n be 1*((-4 - -3) + 1). Let r(o) be the second derivative of -1/3*o**4 + 0 + n*o**2 + 3*o - 1/6*o**3. What is r(1)?
-5
Let r(k) = 0*k - 2*k + k + 2*k. Let l(c) = c**2 - c + 4. Let h(m) = l(m) - 2*r(m). Calculate h(3).
4
Let q(c) = c + 1. Let n(m) = -3*m + 2. Let d(f) = -n(f) + 4*q(f). Let a be d(-1). Let h(i) = i**3 + 6*i**2 + 7*i + 2. Determine h(a).
-8
Let h(w) = -5*w - 14. Let m(s) = -13*s - 43. Let u(n) = 8*h(n) - 3*m(n). Calculate u(14).
3
Let j(m) be the first derivative of -m**6/360 + m**5/40 - m**4/6 + m**3 + 1. Let f(k) be the third derivative of j(k). Calculate f(3).
-4
Let o(j) = j**3 - j - 1. Suppose 4*c - 7*c + 6 = 0. Give o(c).
5
Let v(u) be the first derivative of u**3/3 + 2*u**2 - 4*u - 1. Calculate v(-4).
-4
Let m(c) = -c**2 - 6*c - 1. Suppose -2*u - 2*o = 2*o, -5*u - 5*o = 15. What is m(u)?
-1
Let z be (-11 - -6)*(2 - 4). Let a = z - 15. Let f(d) = -d**3 - 5*d**2 + 7. What is f(a)?
7
Let k(u) = u + 1. Let s(b) be the first derivative of -3*b + 2. Let a be (-3)/((4/2)/(-2)). Let c(z) = a*k(z) + s(z). Determine c(-1).
-3
Let k = 1 + 0. Let p(b) = -3*b**3 - 2*b**2 + b. Calculate p(k).
-4
Let x(i) = -i + 5. Suppose k + 3*k = 16. Suppose d = -k*d + 2*q - 22, 4*q - 4 = 0. Calculate x(d).
9
Let i(d) be the second derivative of d**7/2520 - d**6/144 + d**5/30 - d**4/3 - 4*d. Let r(n) be the third derivative of i(n). Calculate r(3).
-2
Let v(c) = -c**3 - 3*c**2 + 2*c - 5. Let m = -5 + 9. Let i be 6/(0 + (-6)/m). Give v(i).
3
Let d(g) = g**3 - 9*g**2 + 10*g - 12. Let j be d(8). Let q(r) = 3*r - 6. Give q(j).
6
Let f(d) be the third derivative of d**7/2520 - d**6/120 + d**5/24 + d**4/8 - 2*d**2. Let n(x) be the second derivative of f(x). Give n(5).
0
Let r(j) = j**2. Let m be 45/(-10)*4/(-6). Suppose -2 + 5 = -m*y. Let a(s) = 4*s + 5. Let g(u) = y*a(u) + r(u). Determine g(6).
7
Let o = -8 - -13. Suppose -4*b = 15 + o. Let t(r) = -2*r - 5*r**2 - r**3 - r**2 - 6 - 3*r - r. Give t(b).
-1
Let u(s) = s - 2. Let m(c) = c - 5. Let q(b) = -3*m(b) + 5*u(b). Give q(-5).
-5
Let a(r) be the third derivative of r**6/60 - r**3/6 + 2*r**2. Let c = 7 + -6. Determine a(c).
1
Suppose 3*i = 2*i + 4. Suppose -i*s = s. Suppose -w + 5 - 1 = s. Let q(k) = -k - 1. What is q(w)?
-5
Let n = 3 - 3. Suppose n = 3*f - 2*f - 2. Let x(a) = -a**2 - 2. What is x(f)?
-6
Suppose 0 = q - x - x + 13, 2*q - 2*x = -16. Let r(n) be the second derivative of -n**5/20 - n**4/6 + n**3/3 + 3*n. Determine r(q).
3
Let s(m) = m**2 - 3*m + 4. Let d(n) = -4*n**2 + 10*n - 13. Let b(h) = 2*d(h) + 7*s(h). Calculate b(-3).
-4
Let i(v) = v**3 - 4*v**2 + 2. Suppose -14 = -3*g - 2. Let s be i(g). Let m = s + -7. Let c(b) = -b**2 - 5*b + 7. Give c(m).
7
Let s(r) = r**3 - 5*r**2 + 5*r - 3. Suppose -2*p - 2*p = -12. Suppose -p = -3*v + 4*v, -3*v = 4*g - 15. Let a be (-5)/(-2) + 3/g. Determine s(a).
-6
Let s(h) = -5*h - 10. Suppose -2*g - g + 21 = 0. Let p(v) = 11*v + 21. Let y(a) = g*s(a) + 3*p(a). Suppose 20 = -6*w + 3*w - 5*r, -9 = 2*w - r. What is y(w)?
3
Let u(f) = f - 5. Let w = -198 - -198. What is u(w)?
-5
Suppose -3*k = -2*j + 2*k + 10, 5*j - k - 2 = 0. Let i(x) be the third derivative of j*x - 1/12*x**4 - x**2 + 0 - 1/6*x**3. Determine i(1).
-3
Let y = -24 + 17. Let k(t) = -5*t**2 + 4*t - 6. Let o(h) = -2*h**2 + 2*h - 3. Let m(w) = y*o(w) + 3*k(w). What is m(2)?
-5
Let h(y) = -y - 1. Suppose -5*r = 4*l + 4, l + 2*r + 0 = -4. Let w be 2/l + 1/(-2). Suppose w*x = -2*x - 8. What is h(x)?
3
Let c be -4*3*(-4)/8. Suppose -q = -c*o + 2*o - 7, -2*o - 6 = 0. Let x(y) = -y**3 - 5*y**2 - 2. What is x(q)?
-2
Let y(c) be the first derivative of -11*c**6/360 - c**5/120 - 4*c**3/3 + 4. Let w(v) be the third derivative of y(v). Calculate w(-1).
-10
Let j(f) = -2*f**3 + 7*f**2 + 2*f - 3. Suppose -5*d - 11 - 4 = 0. Let a(v) = 3*v**3 - 14*v**2 - 5*v + 6. Let p(i) = d*a(i) - 5*j(i). What is p(-6)?
3
Let o(h) = -h**2 + 5*h + 8. Let b = 46 - 40. Calculate o(b).
2
Suppose 0 = 2*o + o - 2*j - 4, 0 = -5*o + 5*j + 10. Suppose -2*s - 2 + 8 = o. Let k(m) = -2*m + 5*m + 2 - s. What is k(3)?
8
Let k(l) = 23 - 4*l - 40 + 17. Determine k(3).
-12
Let j(y) = 2*y**2 - y. Suppose -4*w - 41 = -c, 15 + 16 = c + w. Suppose -3*r - 3*z + c = 0, 6*r - 1 = 7*r - 3*z. Let h be (1/(-2))/((-2)/r). Calculate j(h).
6
Let o(v) = v**3 + 3*v**2 + 2. Suppose -2*c = -3*k - 3, -2*c = -3*k + 5*k - 18. Suppose 15 = -c*f + f. What is o(f)?
2
Suppose -3*o - 4 - 5 = 0. Let z = o + 1. Let l be 1*-7 + 4 + z. Let p(b) = -b**3 - 4*b**2 + 8*b + 5. What is p(l)?
-10
Suppose 0 = 2*w + w. Let v(p) be the first derivative of -5*p**3/3 - 5*p**2/2 + 5*p + 2. Let a(i) = 4*i**2 + 4*i - 4. Let y(d) = 6*a(d) + 5*v(d). Give y(w).
1
Let a(l) = -l**3 + l**2 - l - 1. Let u be (-2 - -3)*(-3)/(-3). Let t(h) = -6*h**3 + 3*h**2 - 8. Let n(x) = u*t(x) - 5*a(x). Calculate n(-4).
9
Let k(j) be the second derivative of -j**4/3 - j**3/3 + j**2/2 + 2*j. Let r be k(1). Let u(g) = -g**3 - 6*g**2 - 7*g - 1. What is u(r)?
9
Let o be -5 - -2 - (-4 + 0). Let v(t) = 3*t**3 + t**2. Determine v(o).
4
Let o(f) = -f - 2. Let q(w) = -2*w - 3. Let k(c) = 5*o(c) - 2*q(c). Let i be 16/(-12) - (-44)/(-12). Give k(i).
1
Suppose -1 - 9 = 5*w. Let i = w - -1. Let b = i - -2. Let u(g) = g**3 - 3*g**2 + 1. Determine u(b).
-1
Suppose -7*f + 17 = -11. Let g(k) = k - 2. Give g(f).
2
Suppose -3*r + w + 57 = 2*r, -49 = -5*r - 3*w. Let j = r + -16. Let i(k) = 3 - 10 + k**2 + 3*k + 4. Give i(j).
7
Suppose -7*i + 39 - 4 = 0. Let v(k) = 3*k**2 - 6*k + 5. Let j(c) = c**2. Let t(d) = -2*j(d) + v(d). Give t(i).
0
Let a(f) = f**2 - 5*f - 9. Let s be a(7). Let c(h) be the third derivative of 0 + 1/60*h**s + 1/24*h**4 - h**2 - 1/6*h**3 + 0*h. Calculate c(-2).
1
Let i be (0 - 2)*(0 + 2) + 0. Let z(h) =